 factors of j.
2
Suppose c + 4*m = 9 + 8, 0 = -4*m - 20. List the prime factors of c.
37
Let x be 2/((-6)/(-9)) + 0. Suppose -2 = 5*f - 3*i, 7*i = 2*f + 2*i + 16. What are the prime factors of x + f*(-1)/(-2)?
2
Let s be (-1*1)/(-4 + 3). Let m(r) = -3*r + 1 - 1 - s. What are the prime factors of m(-4)?
11
Let g(k) = 5*k**3 - k. Let r be g(1). Let o(a) = -a**3 + 4*a**2 + 6*a - 3. List the prime factors of o(r).
3, 7
Suppose -5*b = r - 6, -4*b + 2*b - 2*r = 4. Suppose b*x = -4 + 8. Suppose -24 = -4*a + 4*p, -x*p - 6 = -4*a + 18. What are the prime factors of a?
2, 3
Let i(p) = p**3 + 8*p**2 + 6*p + 4. Let h = -25 - -18. Let u be i(h). What are the prime factors of u*((-3)/(-3) - 0)?
11
Let a(c) = 2*c - 1. What are the prime factors of a(8)?
3, 5
Let c(x) be the first derivative of -2*x**2 + 9*x + 2. Let d be c(6). Let v = 27 + d. List the prime factors of v.
2, 3
Let k(f) = -f**2 + 6*f + 6. Let x be k(7). Let h be (-5)/4*(-2 + -2). Let t = x + h. What are the prime factors of t?
2
Let h(i) = 3 + 0*i**2 + 4 + 17*i**2 - 6 + 2*i. What are the prime factors of h(-1)?
2
Let u(h) = 3*h**2 + 1 - 2 - 3*h - 2*h**2. List the prime factors of u(6).
17
Let a(f) be the third derivative of f**5/60 - f**4/4 - 11*f**3/6 + f**2. Let c = 38 + -30. What are the prime factors of a(c)?
5
Suppose t - 3 = 3*b, 0 = 2*t - 4 - 2. Suppose 7*m - 3*m - 4 = b. Let p = 16 + m. What are the prime factors of p?
17
Let f(a) = a + 1. Let m = 13 - 7. Suppose 0*g = 3*n + 3*g - m, -16 = -4*n - 2*g. What are the prime factors of f(n)?
7
List the prime factors of 1 - (385/(-5) - 0).
2, 3, 13
Suppose -q = 2*q - 66. Suppose 0 = 3*j - 8 + 2. Suppose 4 = -j*i + q. What are the prime factors of i?
3
Suppose -4*s = -0*s + 60. Let l be (59 - -4)*1/3. Let y = l + s. List the prime factors of y.
2, 3
Let v = 1 - -1. What are the prime factors of v/((-3)/((-27)/6))?
3
Let a = 5 + -2. Suppose -5*n + 2*i - 75 = 0, i - 59 = a*n - 3*i. Let m = n - -18. What are the prime factors of m?
5
Suppose 0 = -2*j - 3*j + 10. Suppose 5 = -j*s + s. List the prime factors of (12/s)/(6/(-20)).
2
Let a(o) = 3*o**2 + 1 + 4*o - 2 + 7*o**2 - 2*o. List the prime factors of a(1).
11
Suppose 2*j - 5*w + w = 130, -2*w = 3*j - 211. List the prime factors of j.
3, 23
Suppose -2*o - 2*g = -96, 6*o - 3*o - 2*g - 134 = 0. List the prime factors of o.
2, 23
Let m(r) = 3*r - 15. Let v(g) be the second derivative of g**5/20 + 5*g**4/12 + g**3/6 - g**2 + 2*g. Let y be v(-4). What are the prime factors of m(y)?
3, 5
What are the prime factors of (-1 - 3) + 62 + -4?
2, 3
Let m = 43 - -58. What are the prime factors of m?
101
Let v be (-6)/(-4) + (-31)/2. What are the prime factors of (-13)/1*v/14?
13
Let t(s) = s**3 - 2*s**2 + s + 1. What are the prime factors of t(4)?
37
Suppose 3*m - m = 12. Suppose -2*v - 3*l + 10 = 0, 0 = -0*v + 2*v + 2*l - m. What are the prime factors of v/((-6)/(-3))*-22?
11
Let c(w) = 21*w**2 - 11*w - 11. Let d(q) = 10*q**2 - 6*q - 6. Let k(h) = 6*c(h) - 11*d(h). List the prime factors of k(-1).
2
Suppose 0 = -4*i + 4 - 0. Let m = i - -13. What are the prime factors of m?
2, 7
List the prime factors of 38 - (1/(-2))/(6/12).
3, 13
Let c(o) = 2*o**3 - 2*o**2 + o + 2. Let v = 2 - 2. Suppose -3*p - 2*p + 10 = v. What are the prime factors of c(p)?
2, 3
Let t(k) = 6*k**2 - 4*k + 2. Let w be t(2). List the prime factors of (-1)/2 + 99/w.
5
Suppose -3*v - 3*h = 0, 4*v + h - 2*h = 0. Suppose v = -2*f + 6 + 2. List the prime factors of f.
2
Suppose -3*v = -2*y + 134, -5*y + v = -3*v - 335. List the prime factors of y.
67
Let s be (0 - 1)*2*-1. Let p = s - -52. List the prime factors of p.
2, 3
Suppose 2*y = -3*s - s - 154, 0 = -y - 5*s - 80. What are the prime factors of y/(-7) - (-2)/7?
11
Let k = 0 + -3. What are the prime factors of 1 + (k - 69/(-3))?
3, 7
Suppose 2*y = -3*y + 5*i - 15, 2*i = 3*y + 6. Suppose m - 6 - 5 = y. What are the prime factors of m?
11
What are the prime factors of ((-1)/2 + 1)*10?
5
Let j = -28 + 46. List the prime factors of j.
2, 3
Suppose o + 0*o = 1. Let t = 9 - o. What are the prime factors of t?
2
Let j = 9 - 5. What are the prime factors of 356/18 + j/18?
2, 5
Let k(s) be the second derivative of -21*s**5/20 - s**3/3 - s**2/2 + s. List the prime factors of k(-1).
2, 11
Let k = 38 - -19. List the prime factors of k.
3, 19
Suppose 0*u + 50 = 2*u. Let m = 61 - u. List the prime factors of m.
2, 3
Let j = -75 - -80. What are the prime factors of j?
5
Let j(q) = -q + 14. Let b be j(10). Let n = -2 + b. List the prime factors of n.
2
Suppose 3*o - 3*n = -2 - 1, -o - 13 = -4*n. List the prime factors of -2*o/(-6)*20.
2, 5
Let r = 103 + -17. What are the prime factors of r?
2, 43
Suppose u + 3*u + 100 = -4*k, 2*u = -5*k - 38. Let x be u*(-1 + 1 + -1). What are the prime factors of x/4 + 3/(-12)?
7
Let c be 23/3 + 5/15. Let k be (-2)/c + (-30)/(-24). What are the prime factors of (k - (0 - -4))*-2?
2, 3
Let m = 12 - 6. What are the prime factors of (-15)/m*(-12)/15?
2
Let b(n) = n**2. What are the prime factors of b(-2)?
2
Suppose 3*g - 300 - 4 = -4*t, 4*g - 392 = -2*t. Suppose 5*w - 19 - g = 0. What are the prime factors of w?
23
Let t(o) = -o**2 + 3*o - 4. Let q be t(6). Let a = -16 - q. What are the prime factors of a?
2, 3
Suppose 0 = 2*i - 3*v - 195, 4*i + 2*v - 219 - 195 = 0. List the prime factors of i.
2, 3, 17
Suppose -2*s = -3*h - 12 - 4, s + 5*h - 8 = 0. What are the prime factors of (2/(-6))/(s/(-120))?
5
Suppose 0 = 3*x - 7*x - 44. Let l = x + 32. List the prime factors of l.
3, 7
Let m(c) = c**3 + 5*c**2 + 3*c + 4. Let f be m(-5). Let u = 27 + f. List the prime factors of u.
2
Let f(a) = 4*a - 1. Let q be f(3). Let p = -33 - -17. List the prime factors of 12/p - q/(-4).
2
Let f be 61/3 - 1/3. Let r = f + -4. What are the prime factors of r?
2
Let m = 54 + -37. Let f = m - 6. List the prime factors of f.
11
Let j(m) = m**3 + 3*m**2 - 4*m + 4. Let p be j(-4). Suppose 3*t + 2 = t, p*l - 77 = -3*t. What are the prime factors of l?
2, 5
Let x be (-6 - -2) + (-2)/(-2). Let u be (0 + 2)*x/(-2). Suppose -3*f - 2*f + p + 11 = 0, p + u = f. List the prime factors of f.
2
Let y be 0 + 2 - 1 - -4. Suppose y*j - 76 = -11. List the prime factors of j.
13
Let c be 12/(-16) - 1007/(-4). Suppose 5*g - 84 = 5*z + c, 3*g = -2*z + 181. Let q = -44 + g. List the prime factors of q.
19
Suppose 0*r + 2*r - 76 = 0. Suppose 3*z + 10 - r = -2*c, -z = 4*c - 36. What are the prime factors of c?
2
Let r be ((-112)/(-24))/((-4)/(-18)). Suppose -21 = -2*y + h - 0*h, -4*y - 5*h + r = 0. List the prime factors of y.
3
Let g(r) = 2 - 3 - 3*r + 0. Let y be g(1). Let h(x) = x**2 + 2*x + 2. What are the prime factors of h(y)?
2, 5
Suppose -2*p = 5*t - 121, -t + 2*t + 3*p = 32. List the prime factors of t.
23
Let p be -10*2/(-4) + 0. Suppose -p*k + q + 60 = -0*q, 2*q = -3*k + 49. What are the prime factors of k?
13
Let v = 36 - 19. List the prime factors of v.
17
Suppose -c + 67 = -7. List the prime factors of c.
2, 37
Suppose 3*s + 12 = -48. Let u be -3 - -1 - s/1. What are the prime factors of (12/u)/(4/30)?
5
Suppose 2*f - 2*y - 88 = 0, -4*f - 2*y + 74 = -120. Suppose -m + f = -0*c + 2*c, 5*m = -5*c + 210. List the prime factors of m.
37
Let v(i) = -5*i + 1. Let r be v(-1). Let b(m) = -m**2 + 0*m**2 - m**3 + r + 5. What are the prime factors of b(0)?
11
Let g = 4 - 4. Suppose g*t - 5*t = -20. Suppose -27 = -t*l + 2*a - 7*a, 3*l + 2*a = 22. What are the prime factors of l?
2
Let w be 1 - -2 - 4 - -3. Suppose 0 = -w*b + 2*l, 3*b - 4*l = 2*b - 6. What are the prime factors of b?
2
Let a(q) = 5*q**2 - 3. Let i(x) = 14*x**2 - x - 9. Let f(p) = -11*a(p) + 4*i(p). List the prime factors of f(-2).
3
Let v be 1/(-4) - 44/16. Let s(k) = -k**3 + k**2 - k - 1. Let n(a) = -3*a**3 - a**2 - 2*a + 1. Let y(o) = n(o) - 2*s(o). List the prime factors of y(v).
3
Let r = 29 + -8. Suppose -3*q = -r - 66. List the prime factors of q.
29
Let q(a) = -4*a + a + a + 0 + 1. Let n be q(5). Let u = 3 - n. What are the prime factors of u?
2, 3
Let t(m) = m**2 + 5*m - 7. Let s be t(-7). Let q(a) = -a**2 + 8*a. Let r be q(s). Let v = 12 - r. List the prime factors of v.
5
List the prime factors of 9/6*(-116)/(-3).
2, 29
Let y(w) = 9*w**2 - 2 + 2. Let n be y(-1). Suppose 3*h - n = 2*h. List the prime factors of h.
3
Let v be (-175)/(-63)